{"id":15,"date":"2011-01-06T19:53:08","date_gmt":"2011-01-06T18:53:08","guid":{"rendered":"http:\/\/www.florian-kohl.net\/vadder\/?page_id=15"},"modified":"2013-03-26T21:08:29","modified_gmt":"2013-03-26T20:08:29","slug":"das-vorhaben","status":"publish","type":"page","link":"https:\/\/www.sopaed.net\/vadder\/?page_id=15","title":{"rendered":"Der Plan"},"content":{"rendered":"<p><span style=\"font-size: medium;\">Wir haben vor, uns ab Herbst 2011 f\u00fcr ca. zwei Jahre Richtung Zentralasien zu verabschieden.<\/span><\/p>\n<p><span style=\"font-size: medium;\">Unsere Reise soll \u00fcber Kroatien, Griechenland in die T\u00fcrkei gehen, wo wir den Winter 2011\/12 verbringen wollen.<\/span><\/p>\n<p><span style=\"font-size: medium;\">Ab Februar\/M\u00e4rz werden wir \u00fcber die Ostt\u00fcrkei in den Iran einreisen, \u00fcber Turkmenistan, Usbekistan, Kasachstan, Russland in die Mongolei bis UlanBataar, um dann \u00fcber den westlichen Teil der Mongolei nach Russland, Kasachstan und Kirgistan zu fahren. <\/span><\/p>\n<p><span style=\"font-size: medium;\">[Von dort f\u00fchrt uns unser Weg durch den nordwestlichen Zipfel Chinas auf dem Karakorum-Highway nach Pakistan und Indien, wo wir den Winter 2012\/13 in S\u00fcdindien verbringen werden. Abstecher nach Sri Lanka und Nepal sind geplant.<\/span><\/p>\n<p><span style=\"font-size: medium;\">\u00dcber S\u00fcdpakistan, S\u00fcdiran werden wir im Sommer 2013 wieder in der T\u00fcrkei ankommen, um dann im Herbst 2013 h\u00f6chstwahrscheinlich wieder zuhause zu sein.]<\/span><\/p>\n<p><span style=\"font-size: medium;\">Aber: es gibt ja noch sooooooo viel mehr zu sehen&#8230;<\/span><\/p>\n<p><span style=\"font-size: medium;\">Mittlerweile ist es\u00a0Mitte September und die Abreise Mitte bis Ende Oktober r\u00fcckt unaufhaltsam n\u00e4her:<\/span><\/p>\n<p><span style=\"font-size: medium;\">Das\u00a0 Carnet de Passage (Zolldokument) f\u00fcr das Auto ist beim ADAC beantragt, wird f\u00fcr Iran, Pakistan, Indien, Nepal, SriLanka ben\u00f6tigt, das Auto selbst ist bis auf Kleinigkeiten abreisebereit, die Langzeitkrankenversicherung, ebenfalls beim ADAC, wird Anfang Oktober beantragt, die letzten Impfungen finden ebenfalls im Oktober statt, das Haus ist gek\u00fcndigt und wir sind kr\u00e4ftig am ausr\u00e4umen, verschenken, zum Recyclinghof bringen und bei ebay verscherbeln.<\/span><\/p>\n<p><span style=\"font-size: medium;\">Wenn ihr uns mal ne e-mail schicken wollt: <a href=\"mailto:heikeundoskar@web.de\">heikeundoskar@web.de<\/a><\/span><\/p>\n<p><span style=\"font-size: medium;\">Demn\u00e4chst dann wieder mehr&#8230;.<\/span><\/p>\n<p><span style=\"color: #ff0000; font-size: medium;\">So war alles geplant&#8230;.doch erstens kommt es anders, und zweitens, als man denkt&#8230;.<\/span><\/p>\n<p><span style=\"color: #ff0000; font-size: medium;\">In Bishkek\/Kirgistan verweigerte uns\u00a0Ende Juli 2012\u00a0das pakistanische Konsulat die notwendigen Visa aus &#8218;Sicherheitsgr\u00fcnden&#8216;, obwohl wir ALLE n\u00f6tigen Visa f\u00fcr China incl. F\u00fchrer\/Organisation Reiseb\u00fcro (Einreise 5. August), und Indien schon im Pass hatten. Der Konsul war zwar sehr freundlich, aber auch sehr strikt und unnachgiebig bei unserer &#8218;visa-application&#8216;. Da war einfach nichts zu machen. Wir waren furchtbar entt\u00e4uscht&#8230;&#8230;aber im nachhinein sollte wohl alles so kommen&#8230;.<\/span><\/p>\n<p><span style=\"color: #ff0000; font-size: medium;\">Wir beschlossen, \u00fcber Kasachstan Richtung Aral, Kaspisches Meer nach Russland, von dort nach Georgien, Armenien, nochmal Georgien zu reisen, um dann noch einmal die Gastfreundschaft der T\u00fcrken zu geniessen&#8230;.<\/span><\/p>\n<p><span style=\"color: #ff0000; font-size: medium;\">\u00dcber Bulgarien, Rum\u00e4nien, Ungarn fuhren wir \u00fcber \u00d6sterreich nach Hause und kamen am 15.12.2013 daheim an. Oskars Mutter (92)\u00a0 freute sich ungemein.\u00a0 Am 23.12. brach sie sich den Oberschenkelhalskochen&#8230; wie schon gesagt: vielleicht sollte alles wohl so kommen&#8230;!!!<\/span><\/p>\n","protected":false},"excerpt":{"rendered":"<p>Wir haben vor, uns ab Herbst 2011 f\u00fcr ca. zwei Jahre Richtung Zentralasien zu verabschieden. Unsere Reise soll \u00fcber Kroatien, Griechenland in die T\u00fcrkei gehen, wo wir den Winter 2011\/12 verbringen wollen. Ab Februar\/M\u00e4rz werden wir \u00fcber die Ostt\u00fcrkei in &hellip; <a href=\"https:\/\/www.sopaed.net\/vadder\/?page_id=15\">Weiterlesen <span class=\"meta-nav\">&rarr;<\/span><\/a><\/p>\n","protected":false},"author":2,"featured_media":0,"parent":634,"menu_order":30,"comment_status":"closed","ping_status":"closed","template":"","meta":{"ngg_post_thumbnail":0,"footnotes":""},"class_list":["post-15","page","type-page","status-publish","hentry"],"post_mailing_queue_ids":[],"_links":{"self":[{"href":"https:\/\/www.sopaed.net\/vadder\/index.php?rest_route=\/wp\/v2\/pages\/15","targetHints":{"allow":["GET"]}}],"collection":[{"href":"https:\/\/www.sopaed.net\/vadder\/index.php?rest_route=\/wp\/v2\/pages"}],"about":[{"href":"https:\/\/www.sopaed.net\/vadder\/index.php?rest_route=\/wp\/v2\/types\/page"}],"author":[{"embeddable":true,"href":"https:\/\/www.sopaed.net\/vadder\/index.php?rest_route=\/wp\/v2\/users\/2"}],"replies":[{"embeddable":true,"href":"https:\/\/www.sopaed.net\/vadder\/index.php?rest_route=%2Fwp%2Fv2%2Fcomments&post=15"}],"version-history":[{"count":28,"href":"https:\/\/www.sopaed.net\/vadder\/index.php?rest_route=\/wp\/v2\/pages\/15\/revisions"}],"predecessor-version":[{"id":668,"href":"https:\/\/www.sopaed.net\/vadder\/index.php?rest_route=\/wp\/v2\/pages\/15\/revisions\/668"}],"up":[{"embeddable":true,"href":"https:\/\/www.sopaed.net\/vadder\/index.php?rest_route=\/wp\/v2\/pages\/634"}],"wp:attachment":[{"href":"https:\/\/www.sopaed.net\/vadder\/index.php?rest_route=%2Fwp%2Fv2%2Fmedia&parent=15"}],"curies":[{"name":"wp","href":"https:\/\/api.w.org\/{rel}","templated":true}]}}